{"id":2,"date":"2010-12-31T00:50:08","date_gmt":"2010-12-30T23:50:08","guid":{"rendered":"http:\/\/kooka.org\/caixadechocolates\/?page_id=2"},"modified":"2025-01-27T01:08:43","modified_gmt":"2025-01-27T01:08:43","slug":"about","status":"publish","type":"page","link":"https:\/\/kooka.org\/caixadechocolates\/about\/","title":{"rendered":"Sobre"},"content":{"rendered":"<p>Como assim, sobre? Falar de mim, apresentar-me, \u00e9 isso? \u00c9 o pior que me podem pedir. N\u00e3o por n\u00e3o saber quem sou, mas exactamente por saber precisamente quem sou e ter no\u00e7\u00e3o que posso ser assustadora.<\/p>\n<p>Mentira! Sou s\u00f3 eu, t\u00e3o normal como outra pessoa qualquer, t\u00e3o longe da normalidade como qualquer outro ser. T\u00e3o eu, t\u00e3o chata, t\u00e3o parva, t\u00e3o assim, t\u00e3o mau feitio, t\u00e3o t\u00e3o t\u00e3o t\u00e3o. T\u00e3o tudo, t\u00e3o nada.<\/p>\n<p>\u00c9 esperar para ver. Ou para ler. Ou ou ou ou ou ou isso.<\/p>\n<p>Aqui n\u00e3o se aprende nada, n\u00e3o se emburrece tamb\u00e9m.<\/p>\n<p>E como diz a outra, que at\u00e9 sou eu: Se perguntarem por mim, dir-vos-ei que n\u00e3o estou. Esta que vos fala \u00e9 outra que n\u00e3o eu.<\/p>\n<p>PS: N\u00e3o temos livro de reclama\u00e7\u00f5es. Mas temos caixa de coment\u00e1rios.<\/p>\n<p>{diz que anda pelo <s>Twitter e pelo<\/s> Facebook e Instagram, raramente responde pelo nome pr\u00f3prio <s>quando est\u00e1 em feiras, anda aos fins de semana com a casa \u00e0s costas a fazer pela vidinha, mas dizem que n\u00e3o \u00e9 empreendedorismo, s\u00e3o conceitos. Cose umas coisas \u00e0 m\u00e1quina, outras \u00e0 m\u00e3o, embrulha beb\u00e9s em slings ali todos enroladinhos e baba com os sobrinhos<\/s>.}<\/p>\n<p>Diagnosticada com Esclerose M\u00faltipla Prim\u00e1ria Progressiva em Abril de 2024 e a aprender, dia ap\u00f3s dia, a viver e a lidar com este <em>novo normal<\/em>&#8230;<\/p>\n<p><img loading=\"lazy\" decoding=\"async\" src=\"https:\/\/kooka.org\/caixadechocolates\/wp-content\/uploads\/2010\/12\/3-Vintage-Umbrella-Tap-Shoes.jpg\" class=\"aligncenter size-full wp-image-59\" alt=\"3-Vintage-Umbrella-Tap-Shoes\" width=\"500\" height=\"625\" srcset=\"https:\/\/kooka.org\/caixadechocolates\/wp-content\/uploads\/2010\/12\/3-Vintage-Umbrella-Tap-Shoes.jpg 500w, https:\/\/kooka.org\/caixadechocolates\/wp-content\/uploads\/2010\/12\/3-Vintage-Umbrella-Tap-Shoes-240x300.jpg 240w\" sizes=\"auto, (max-width: 500px) 100vw, 500px\" \/><\/p>\n","protected":false},"excerpt":{"rendered":"<p>Como assim, sobre? Falar de mim, apresentar-me, \u00e9 isso? \u00c9 o pior que me podem pedir. N\u00e3o por n\u00e3o saber quem sou, mas exactamente por saber precisamente quem sou e ter no\u00e7\u00e3o que posso ser assustadora. Mentira! Sou s\u00f3 eu, t\u00e3o normal como outra pessoa qualquer, t\u00e3o longe da normalidade como qualquer outro ser. T\u00e3o [&hellip;]<\/p>\n","protected":false},"author":1,"featured_media":0,"parent":0,"menu_order":0,"comment_status":"open","ping_status":"open","template":"","meta":{"jetpack_post_was_ever_published":false,"footnotes":""},"class_list":["post-2","page","type-page","status-publish","hentry"],"jetpack_shortlink":"https:\/\/wp.me\/PymEz-2","jetpack_sharing_enabled":true,"_links":{"self":[{"href":"https:\/\/kooka.org\/caixadechocolates\/wp-json\/wp\/v2\/pages\/2","targetHints":{"allow":["GET"]}}],"collection":[{"href":"https:\/\/kooka.org\/caixadechocolates\/wp-json\/wp\/v2\/pages"}],"about":[{"href":"https:\/\/kooka.org\/caixadechocolates\/wp-json\/wp\/v2\/types\/page"}],"author":[{"embeddable":true,"href":"https:\/\/kooka.org\/caixadechocolates\/wp-json\/wp\/v2\/users\/1"}],"replies":[{"embeddable":true,"href":"https:\/\/kooka.org\/caixadechocolates\/wp-json\/wp\/v2\/comments?post=2"}],"version-history":[{"count":7,"href":"https:\/\/kooka.org\/caixadechocolates\/wp-json\/wp\/v2\/pages\/2\/revisions"}],"predecessor-version":[{"id":56,"href":"https:\/\/kooka.org\/caixadechocolates\/wp-json\/wp\/v2\/pages\/2\/revisions\/56"}],"wp:attachment":[{"href":"https:\/\/kooka.org\/caixadechocolates\/wp-json\/wp\/v2\/media?parent=2"}],"curies":[{"name":"wp","href":"https:\/\/api.w.org\/{rel}","templated":true}]}}