{"id":539,"date":"2017-10-28T22:34:21","date_gmt":"2017-10-28T22:34:21","guid":{"rendered":"http:\/\/kooka.org\/loja\/?post_type=product&#038;p=539"},"modified":"2017-10-31T15:09:11","modified_gmt":"2017-10-31T15:09:11","slug":"porta-moedas-redondo-pac021","status":"publish","type":"product","link":"https:\/\/kooka.org\/loja\/produto\/porta-moedas-redondo-pac021\/","title":{"rendered":"Porta-moedas redondo PAC021"},"content":{"rendered":"<p>Porta-moedas redondo, com fecho tradicional de press\u00e3o lateral (pac-pac).<\/p>\n<p>Para abrir, \u00e9 necess\u00e1rio pressionar as laterais, tal como nos porta-moedas de antigamente.<\/p>\n<p>O sistema met\u00e1lico de fecho est\u00e1 preparado para n\u00e3o perder a press\u00e3o e n\u00e3o deixar sair o conte\u00fado do interior.<\/p>\n","protected":false},"excerpt":{"rendered":"<p>Porta-moedas redondo, com fecho tradicional de press\u00e3o lateral (pac-pac).<\/p>\n<p>Para abrir, \u00e9 necess\u00e1rio pressionar as laterais, tal como nos porta-moedas de antigamente.<\/p>\n<p>O sistema met\u00e1lico de fecho est\u00e1 preparado para n\u00e3o perder a press\u00e3o e n\u00e3o deixar sair o conte\u00fado do interior.<\/p>\n","protected":false},"featured_media":517,"comment_status":"closed","ping_status":"closed","template":"","meta":{"om_disable_all_campaigns":false,"_monsterinsights_skip_tracking":false,"_monsterinsights_sitenote_active":false,"_monsterinsights_sitenote_note":"","_monsterinsights_sitenote_category":0,"jetpack_publicize_message":"","jetpack_publicize_feature_enabled":true,"jetpack_social_post_already_shared":false,"jetpack_social_options":{"image_generator_settings":{"template":"highway","enabled":false},"version":2}},"product_cat":[37],"product_tag":[],"jetpack_publicize_connections":[],"jetpack_sharing_enabled":true,"_links":{"self":[{"href":"https:\/\/kooka.org\/loja\/wp-json\/wp\/v2\/product\/539"}],"collection":[{"href":"https:\/\/kooka.org\/loja\/wp-json\/wp\/v2\/product"}],"about":[{"href":"https:\/\/kooka.org\/loja\/wp-json\/wp\/v2\/types\/product"}],"replies":[{"embeddable":true,"href":"https:\/\/kooka.org\/loja\/wp-json\/wp\/v2\/comments?post=539"}],"wp:featuredmedia":[{"embeddable":true,"href":"https:\/\/kooka.org\/loja\/wp-json\/wp\/v2\/media\/517"}],"wp:attachment":[{"href":"https:\/\/kooka.org\/loja\/wp-json\/wp\/v2\/media?parent=539"}],"wp:term":[{"taxonomy":"product_cat","embeddable":true,"href":"https:\/\/kooka.org\/loja\/wp-json\/wp\/v2\/product_cat?post=539"},{"taxonomy":"product_tag","embeddable":true,"href":"https:\/\/kooka.org\/loja\/wp-json\/wp\/v2\/product_tag?post=539"}],"curies":[{"name":"wp","href":"https:\/\/api.w.org\/{rel}","templated":true}]}}