{"id":814,"date":"2022-11-07T20:12:01","date_gmt":"2022-11-07T20:12:01","guid":{"rendered":"https:\/\/kooka.org\/loja\/?post_type=product&#038;p=814"},"modified":"2022-11-07T20:12:01","modified_gmt":"2022-11-07T20:12:01","slug":"alfinete-alf014","status":"publish","type":"product","link":"https:\/\/kooka.org\/loja\/produto\/alfinete-alf014\/","title":{"rendered":"Alfinete ALF014"},"content":{"rendered":"<p>Alfinete para casacos, cachec\u00f3is, echarpes&#8230;<\/p>\n<p>Alfinete met\u00e1lico em tom de ouro velho com aplica\u00e7\u00e3o de tecido de algod\u00e3o estampado.<\/p>\n","protected":false},"excerpt":{"rendered":"<p>Alfinete para casacos, cachec\u00f3is, echarpes&#8230; Alfinete met\u00e1lico em tom de ouro velho com aplica\u00e7\u00e3o de tecido de algod\u00e3o estampado.<\/p>\n","protected":false},"featured_media":804,"comment_status":"open","ping_status":"closed","template":"","meta":{"om_disable_all_campaigns":false,"_monsterinsights_skip_tracking":false,"_monsterinsights_sitenote_active":false,"_monsterinsights_sitenote_note":"","_monsterinsights_sitenote_category":0,"jetpack_publicize_message":"","jetpack_publicize_feature_enabled":true,"jetpack_social_post_already_shared":true,"jetpack_social_options":{"image_generator_settings":{"template":"highway","enabled":false},"version":2}},"product_cat":[9],"product_tag":[],"jetpack_publicize_connections":[],"jetpack_sharing_enabled":true,"_links":{"self":[{"href":"https:\/\/kooka.org\/loja\/wp-json\/wp\/v2\/product\/814"}],"collection":[{"href":"https:\/\/kooka.org\/loja\/wp-json\/wp\/v2\/product"}],"about":[{"href":"https:\/\/kooka.org\/loja\/wp-json\/wp\/v2\/types\/product"}],"replies":[{"embeddable":true,"href":"https:\/\/kooka.org\/loja\/wp-json\/wp\/v2\/comments?post=814"}],"wp:featuredmedia":[{"embeddable":true,"href":"https:\/\/kooka.org\/loja\/wp-json\/wp\/v2\/media\/804"}],"wp:attachment":[{"href":"https:\/\/kooka.org\/loja\/wp-json\/wp\/v2\/media?parent=814"}],"wp:term":[{"taxonomy":"product_cat","embeddable":true,"href":"https:\/\/kooka.org\/loja\/wp-json\/wp\/v2\/product_cat?post=814"},{"taxonomy":"product_tag","embeddable":true,"href":"https:\/\/kooka.org\/loja\/wp-json\/wp\/v2\/product_tag?post=814"}],"curies":[{"name":"wp","href":"https:\/\/api.w.org\/{rel}","templated":true}]}}