{"id":884,"date":"2023-10-24T20:45:12","date_gmt":"2023-10-24T20:45:12","guid":{"rendered":"https:\/\/kooka.org\/loja\/?post_type=product&#038;p=884"},"modified":"2023-10-24T20:45:12","modified_gmt":"2023-10-24T20:45:12","slug":"brincos-brc2005-010","status":"publish","type":"product","link":"https:\/\/kooka.org\/loja\/produto\/brincos-brc2005-010\/","title":{"rendered":"Brincos Brc2005.010"},"content":{"rendered":"<p>Brincos em vidro Murano azul turquesa. Arma\u00e7\u00e3o do brinco em cabo de a\u00e7o.<\/p>\n<p>Comprimento: 6,5 cm.<\/p>\n","protected":false},"excerpt":{"rendered":"<p>Brincos em vidro Murano azul turquesa. Arma\u00e7\u00e3o do brinco em cabo de a\u00e7o.<\/p>\n<p>Comprimento: 6,5 cm.<\/p>\n","protected":false},"featured_media":885,"comment_status":"open","ping_status":"closed","template":"","meta":{"om_disable_all_campaigns":false,"_monsterinsights_skip_tracking":false,"_monsterinsights_sitenote_active":false,"_monsterinsights_sitenote_note":"","_monsterinsights_sitenote_category":0,"jetpack_publicize_message":"","jetpack_publicize_feature_enabled":true,"jetpack_social_post_already_shared":true,"jetpack_social_options":{"image_generator_settings":{"template":"highway","enabled":false},"version":2}},"product_cat":[46],"product_tag":[],"jetpack_publicize_connections":[],"jetpack_sharing_enabled":true,"_links":{"self":[{"href":"https:\/\/kooka.org\/loja\/wp-json\/wp\/v2\/product\/884"}],"collection":[{"href":"https:\/\/kooka.org\/loja\/wp-json\/wp\/v2\/product"}],"about":[{"href":"https:\/\/kooka.org\/loja\/wp-json\/wp\/v2\/types\/product"}],"replies":[{"embeddable":true,"href":"https:\/\/kooka.org\/loja\/wp-json\/wp\/v2\/comments?post=884"}],"wp:featuredmedia":[{"embeddable":true,"href":"https:\/\/kooka.org\/loja\/wp-json\/wp\/v2\/media\/885"}],"wp:attachment":[{"href":"https:\/\/kooka.org\/loja\/wp-json\/wp\/v2\/media?parent=884"}],"wp:term":[{"taxonomy":"product_cat","embeddable":true,"href":"https:\/\/kooka.org\/loja\/wp-json\/wp\/v2\/product_cat?post=884"},{"taxonomy":"product_tag","embeddable":true,"href":"https:\/\/kooka.org\/loja\/wp-json\/wp\/v2\/product_tag?post=884"}],"curies":[{"name":"wp","href":"https:\/\/api.w.org\/{rel}","templated":true}]}}